(3/4). Suppose 2236 + 900 = 4*y. What is the highest common factor of q and y?
16
Let g be 2 + 8/(-6) + 132/18. Suppose 5*x = 12 + g. Suppose x*v - 75 = -6*l + 7*l, -l + 77 = 4*v. What is the greatest common factor of v and 19?
19
Suppose 0 = 273*g - 38205 - 1475108 - 1509889. Calculate the highest common divisor of 196 and g.
98
Let d(f) = -f**2 + 40*f + 58. Let x be d(31). Let q = x - 336. Calculate the highest common divisor of 25 and q.
1
Let a be ((-44)/(-33))/(-2)*-90. Suppose -38 = -2*q - 2*t, -4*q = -t + 6*t - 80. What is the highest common divisor of a and q?
15
Let i be 18/(-15)*(-325)/10 + 8. Calculate the greatest common divisor of 517 and i.
47
Let j = -40470 - -40705. Calculate the greatest common factor of j and 4606.
47
Suppose 9*c = 10*c - 8. Suppose -3*r + 4 = -c. Let i be (r + -1)/(-1 + (-39)/(-30)). What is the greatest common divisor of 5 and i?
5
Let k(t) = -120*t - 216. Let m(u) = -48*u - 86. Let d(n) = -5*k(n) + 12*m(n). Let a be d(0). What is the highest common divisor of a and 36?
12
Let z(o) = -o**2 - 8*o - 18 + 3*o + 3*o**2 + 7. Let j be z(8). Let t be 2*1/(-2)*-11. Calculate the greatest common divisor of j and t.
11
Let n(a) = 72*a - 1320. Let h be n(25). What is the highest common factor of 1515 and h?
15
Let z(q) = 16 + 9*q + 28 + q**2 - 6 - 2. Let a be z(-4). Let o(m) = -m**2 + 20*m - 4. Let w be o(a). What is the highest common factor of 6 and w?
6
Let r(x) = -248*x - 6. Let l be r(-6). Suppose 5*w + l = 257. Let b = 355 + w. Calculate the highest common divisor of 10 and b.
10
Suppose -4*n + n = -12. Let b be (-2 - -6) + (9 - 9). Let i be (0 + b)*9/n. Calculate the greatest common factor of i and 9.
9
Let o(h) = -9*h - 11. Let f be o(-3). Let v be -4 + f/4 + 4 + -2. What is the greatest common divisor of 18 and v?
2
Suppose 0 = -2*p + 3*p - 4*c - 15, -3*p - 2*c + 45 = 0. Let h(v) = p + 8 - 6 - 10*v + 13. Let y be h(-6). Calculate the highest common divisor of y and 10.
10
Let o = -14 - -33. Let r(l) = -76*l + 3422. Let g be r(45). Calculate the highest common factor of o and g.
1
Let w(s) = -s**3 + 42*s**2 + 8. Suppose -2*b - 4*r + 88 = -5*r, -20 = 5*r. Let y be w(b). Calculate the highest common divisor of y and 20.
4
Let q be -10 - -2 - (-3 + -2). Let c be 22 - (-28)/21*(q + 0). What is the highest common factor of c and 108?
18
Let t(m) = 2*m**2 - 4*m. Let l be t(-5). Let z be -98*(-14)/49 - 8/(-4). Calculate the greatest common divisor of z and l.
10
Let p(r) = 20*r**2 + 271*r + 544. Let l be p(-2). Calculate the highest common factor of l and 656.
82
Suppose 3*k = -9, 0*r + k = -2*r + 257. Let g = -114 + r. Calculate the highest common divisor of g and 76.
4
Suppose -26*z + 6 = -25*z. Let u be (20/z)/((-12)/(-18)). Suppose -u*q + 60 = q. What is the highest common divisor of 4 and q?
2
Let g = 108 - 93. Let d(w) = w**3 + 7*w**2 - 11*w - 25. Let b be d(-8). Let i be (-76)/(-16) - b - (-3)/(-4). What is the highest common divisor of g and i?
5
Let r(d) = 19*d - 115. Let f be r(43). Let j = 741 - f. What is the greatest common divisor of 39 and j?
39
Let l(j) = -4*j**3 - j**2 - 2*j + 1. Let b be l(-3). Let q be 5 + (-5415)/114*144/(-10). Calculate the greatest common factor of q and b.
53
Suppose -212 = -3*y + 4*t, 236 = 4*y + 5*t - t. Let j = 13073 - 13071. Calculate the greatest common factor of j and y.
2
Let n(y) = -y - 109. Let x be n(-13). Let p = x + 166. What is the highest common factor of 28 and p?
14
Suppose -u - 4*u = -3*v + 16, -v + 6 = -2*u. Let r be (-88 - -93)/(u/(-28)). Calculate the greatest common factor of 385 and r.
35
Let h be (-2)/(-8) + (-102)/(-8). Let b be (-2)/11 + 901/(-187). Let r be b + 3 + (27 - 1) + 2. What is the highest common factor of h and r?
13
Suppose 0 = -2*v - 5*o + 108, -70 + 16 = -v + 3*o. What is the greatest common factor of 15 and v?
3
Suppose 9*g = -5*u + 9, 3172*g - 3169*g - 4*u - 54 = 0. Let f be (4/(-2))/(2/(-9)). What is the greatest common factor of f and g?
3
Let o be (-36)/(-12) - (-4 + 107 + -3). Let i = 37 - 22. Let h = i - o. What is the greatest common divisor of h and 16?
16
Let u be (1*((-3 - -9) + -1))/(-1). Let d(n) = n**2 + 7*n + 11. Let v be d(u). Let m be (48/36)/(v/9). Calculate the greatest common factor of m and 18.
6
Let z(k) = -10*k**3 + k**2 - 6*k - 5. Let b be z(-3). Let m = b - 197. Let u = -92 + m. Calculate the greatest common factor of u and 27.
3
Suppose 22*h - 28*h = 22*h - 123396. What is the highest common divisor of h and 13?
13
Let k(j) = 43*j**3 + j**2 - j. Let x be k(1). Let m = 115 - x. Let d be (((-9)/(-2))/(-1))/((-54)/m). Calculate the highest common factor of 48 and d.
6
Suppose 0 = -3*d + 7 + 56. Suppose -15 = 77*i - 82*i - 5*s, 0 = -5*i + 3*s + 39. Let l be (-24)/48 + 129/i. What is the highest common factor of l and d?
21
Let p(i) be the third derivative of i**6/40 - i**5/60 + i**4/6 - 3*i**3/2 + 3*i**2 - 16. Let z be p(3). Calculate the greatest common divisor of z and 350.
25
Let i(h) = 4*h**2 + 67*h - 100. Let p be i(-25). What is the highest common factor of p and 200?
25
Let v be ((-3402)/(-4))/((-687)/(-6412)). Calculate the greatest common factor of v and 70.
14
Let z(n) = -n**2 - 8*n + 298. Let c be z(13). What is the highest common factor of c and 2225?
25
Let p(b) = -6*b - 14. Let s be p(-3). Let a be (-6)/(-4) + 266/s. What is the greatest common divisor of a and 8?
4
Let k(w) = -w**3 - 12*w**2 - 11*w - 3. Let t be k(-11). Let m be 2 - (2/t + 2684/(-33)). Let s = m - 72. What is the greatest common factor of s and 36?
12
Suppose i - 3270 - 4542 = q, 0 = 2*i + 2*q - 15620. Calculate the highest common factor of i and 219.
73
Let h = 241 - 238. Suppose 2 = 5*c - h*k, 3*c - 5*k + 3 = c. Calculate the highest common factor of 37 and c.
1
Let n = -7 + 21. Let a be 38/n + (-34)/(-119). Suppose -57 = -2*d - a*g, 4*d + 0*g - 64 = 4*g. What is the highest common divisor of d and 147?
21
Let m = -371 - -402. Let x = -1 - 0. Let d be x/(-3 - (-1022)/341). Calculate the highest common factor of m and d.
31
Let d(z) = 87*z + 3. Let p be d(1). Let i = 92 - p. Suppose c + 2*c + 5*w - 1144 = 0, 0 = -i*c + 2*w + 752. Calculate the highest common divisor of c and 42.
42
Suppose 58 = 3*v - g, 5*g + 74 = 6*v - 3*v. Suppose -5*i - 828 = -17*i - 11*i. What is the greatest common divisor of i and v?
18
Let l be (69/3)/((-3)/(-6)). Let n be 3723/9 - (56/(-60) - 21/(-35)). What is the highest common divisor of l and n?
46
Let x = 22 - -58. Suppose x*y = 75*y + 295. What is the greatest common factor of y and 472?
59
Let b = 17 - 10. Let z = 960 + -957. Suppose -31*n - z*n + 2618 = 0. What is the greatest common divisor of n and b?
7
Let w = 2348 - 974. What is the highest common factor of w and 6?
6
Let a = -2719 + 1237. Let q = a - -1509. Suppose 9 = -2*i + 3*i. Calculate the highest common divisor of q and i.
9
Let q = 302 - 266. Suppose -4*d = 55 - 19. Let v = q + d. What is the greatest common divisor of v and 216?
27
Let c(h) be the first derivative of 6*h**2 - 124*h - 27. Let y be c(25). Calculate the highest common factor of 16 and y.
16
Suppose 54*f - 65*f + 11 = 0. Let z be 1*(-494)/(-6) - f/3. What is the highest common divisor of z and 287?
41
Let n(f) = -4*f - 2. Let h be n(-6). Let t be (-44 + 0)/(236 + -237). What is the highest common factor of t and h?
22
Let f = -1599 + 1621. Let y be (-1)/3*-4*57. Suppose -5*g - y = -516. What is the highest common divisor of g and f?
22
Let o(d) = d**3 - d. Let n be o(-1). Suppose 0 = -5*t - n + 10. Suppose -3*k = -4*k + 18. Calculate the highest common factor of t and k.
2
Suppose 2*m + s - 55 = 7*m, 0 = -5*m - 3*s - 75. Let b be m/(-21) + (-438)/(-42). Let g = -19 + 20. Calculate the greatest common factor of b and g.
1
Suppose -4*z = -2*z + 2, 2*z - 13 = -p. Suppose 0 = -p*o + 12*o - 39. Let g be (o/2)/((-1)/2 + 0). What is the greatest common factor of g and 39?
13
Suppose -38*a + 1814 = 446. Suppose w + k - 2 = 0, -5*w = -k + 4 - 2. Suppose w = y + y - 24. Calculate the highest common factor of y and a.
12
Let c = -9 - -16. Suppose -90 = 2*n - c*n. Let t(f) = f**3 - 45*f**2 + 467*f + 3. Let h be t(29). What is the greatest common divisor of n and h?
18
Let x be ((-30)/210 - 133100/(-14)) + -1. What is the greatest common divisor of 98 and x?
98
Let f(t) = -t**3 + 14*t*